en 79573 is divided by 159.
73
Calculate the remainder when 6583004 is divided by 27.
26
Calculate the remainder when 10406398 is divided by 384.
382
Calculate the remainder when 2639464 is divided by 553.
548
What is the remainder when 545145 is divided by 3386?
3385
What is the remainder when 200500 is divided by 15?
10
Calculate the remainder when 1043361 is divided by 149043.
60
Calculate the remainder when 11480855 is divided by 51.
41
Calculate the remainder when 49283372 is divided by 547593.
2
Calculate the remainder when 147312 is divided by 3287.
2684
What is the remainder when 9335190 is divided by 237?
234
What is the remainder when 36971140 is divided by 536?
4
Calculate the remainder when 74347872 is divided by 37.
35
Calculate the remainder when 29999 is divided by 4172.
795
What is the remainder when 52073153 is divided by 17?
11
Calculate the remainder when 27292965 is divided by 85.
60
Calculate the remainder when 2286072 is divided by 884.
48
What is the remainder when 110137511 is divided by 12?
11
Calculate the remainder when 26288 is divided by 4195.
1118
What is the remainder when 8258 is divided by 486?
482
What is the remainder when 765602 is divided by 1241?
1146
Calculate the remainder when 12657 is divided by 490.
407
What is the remainder when 1222776 is divided by 4529?
4475
What is the remainder when 12116973 is divided by 712763?
2
Calculate the remainder when 2769144 is divided by 213011.
1
What is the remainder when 62793511 is divided by 25?
11
What is the remainder when 867660 is divided by 289206?
42
Calculate the remainder when 4780531 is divided by 713.
579
What is the remainder when 75144 is divided by 18242?
2176
What is the remainder when 6059302 is divided by 95?
12
Calculate the remainder when 409111 is divided by 45.
16
Calculate the remainder when 229055 is divided by 125.
55
What is the remainder when 9304250 is divided by 196?
130
What is the remainder when 8402 is divided by 3137?
2128
What is the remainder when 100653 is divided by 49965?
723
What is the remainder when 1463105 is divided by 58?
55
Calculate the remainder when 1434735 is divided by 240.
15
What is the remainder when 265545 is divided by 66052?
1337
What is the remainder when 133686 is divided by 407?
190
Calculate the remainder when 209019 is divided by 613.
599
Calculate the remainder when 2586328 is divided by 2586320.
8
What is the remainder when 517114 is divided by 1553?
1518
What is the remainder when 588251405 is divided by 98041900?
5
Calculate the remainder when 191761 is divided by 132.
97
What is the remainder when 2209763 is divided by 736490?
293
What is the remainder when 109492 is divided by 1264?
788
What is the remainder when 15954001 is divided by 13?
11
What is the remainder when 2838195 is divided by 258016?
19
Calculate the remainder when 22522 is divided by 4401.
517
Calculate the remainder when 1774276 is divided by 1227.
34
What is the remainder when 190623 is divided by 94646?
1331
What is the remainder when 164367 is divided by 41043?
195
What is the remainder when 24577612 is divided by 491552?
12
What is the remainder when 19617144 is divided by 2452142?
8
Calculate the remainder when 235741 is divided by 8150.
7541
Calculate the remainder when 299583764 is divided by 4377.
4376
What is the remainder when 469369 is divided by 46936?
9
What is the remainder when 10681213 is divided by 2068?
2061
Calculate the remainder when 53502 is divided by 53443.
59
Calculate the remainder when 41296442 is divided by 56.
26
What is the remainder when 83138502 is divided by 62746?
52
What is the remainder when 7749 is divided by 4?
1
What is the remainder when 1694409 is divided by 268?
113
What is the remainder when 1086281 is divided by 77584?
105
What is the remainder when 226234 is divided by 25134?
28
Calculate the remainder when 19068840 is divided by 19068832.
8
Calculate the remainder when 18782009 is divided by 237.
233
Calculate the remainder when 1061349 is divided by 12.
9
Calculate the remainder when 365474 is divided by 4746.
32
Calculate the remainder when 52392 is divided by 2118.
1560
Calculate the remainder when 29550 is divided by 27342.
2208
Calculate the remainder when 8580 is divided by 7.
5
Calculate the remainder when 8710714 is divided by 1165.
9
Calculate the remainder when 14319550 is divided by 56.
14
Calculate the remainder when 1078708 is divided by 39.
7
Calculate the remainder when 5508683 is divided by 15.
8
Calculate the remainder when 180376 is divided by 172.
120
What is the remainder when 74594 is divided by 12031?
2408
What is the remainder when 27695678 is divided by 265?
263
What is the remainder when 111720 is divided by 6680?
4840
Calculate the remainder when 10763765 is divided by 224243.
101
What is the remainder when 205517142 is divided by 289?
283
Calculate the remainder when 556921 is divided by 55690.
21
What is the remainder when 17039821 is divided by 8394?
1
Calculate the remainder when 177583 is divided by 5913.
193
What is the remainder when 382628 is divided by 1032?
788
What is the remainder when 787140 is divided by 262228?
456
Calculate the remainder when 504839 is divided by 1247.
1051
Calculate the remainder when 3348658 is divided by 145591.
65
What is the remainder when 54287082 is divided by 812?
10
What is the remainder when 37809 is divided by 98?
79
What is the remainder when 83783 is divided by 27250?
2033
What is the remainder when 16615 is divided by 7937?
741
Calculate the remainder when 410883 is divided by 29205.
2013
Calculate the remainder when 1532460 is divided by 766141.
178
Calculate the remainder when 817018 is divided by 297.
268
Calculate the remainder when 5159854 is divided by 12.
10
Calculate the remainder when 21353280 is divided by 140482.
16
Calculate the remainder when 1540269 is divided by 13403.
12327
Calculate the remainder when 11358674 is divided by 1622667.
5
Calculate the remainder when 1293795 is divided by 80860.
35
What is the remainder when 1587898 is divided by 317573?
33
Calculate the remainder when 165590 is divided by 165527.
63
Calculate the remainder when 6490996 is divided by 2629.
2624
What is the remainder when 3640318 is divided by 1820095?
128
Calculate the remainder when 1653740 is divided by 342.
170
What is the remainder when 708572 is divided by 50610?
32
Calculate the remainder when 2260519 is divided by 854.
835
What is the remainder when 14971340 is divided by 17?
1
What is the remainder when 5638284 is divided by 88098?
12
What is the remainder when 98891693 is divided by 23?
19
What is the remainder when 8545161 is divided by 4555?
4536
What is the remainder when 76305040 is divided by 8478336?
16
What is the remainder when 5288544 is divided by 45?
9
Calculate the remainder when 23231642 is divided by 384.
26
What is the remainder when 5241226 is divided by 191?
186
What is the remainder when 43552 is divided by 6108?
796
What is the remainder when 22816 is divided by 2133?
1486
What is the remainder when 77387 is divided by 545?
542
Calculate the remainder when 69684136 is divided by 718393.
15
Calculate the remainder when 129715470 is divided by 71.
32
What is the remainder when 2585869 is divided by 665?
349
Calculate the remainder when 3255137 is divided by 67815.
17
Calculate the remainder when 77770282 is divided by 4857.
4855
What is the remainder when 206392 is divided by 51597?
4
What is the remainder when 946931 is divided by 245?
6
What is the remainder when 348291 is divided by 3409?
573
What is the remainder when 5237837 is divided by 54?
53
Calculate the remainder when 11638919 is divided by 276.
275
Calculate the remainder when 206564 is divided by 398.
2
What is the remainder when 46467 is divided by 877?
863
What is the remainder when 829761 is divided by 15084?
141
Calculate the remainder when 1168324 is divided by 199.
194
What is the remainder when 136167 is divided by 5030?
357
What is the remainder when 47828 is divided by 11884?
292
What is the remainder when 122689 is divided by 114?
25
What is the remainder when 900316 is divided by 178?
170
Calculate the remainder when 74146 is divided by 24406.
928
What is the remainder when 31807700 is divided by 181758?
50
Calculat